le of 14?
True
Is 125944 a multiple of 470?
False
Does 478 divide 252384?
True
Is 20 a factor of 20416?
False
Is 9 a factor of 8479359?
True
Is 29 a factor of 289855?
True
Is 112 a factor of 125662?
False
Is 5 a factor of 153502?
False
Does 100 divide 1308578?
False
Is 1736158 a multiple of 27?
False
Is 288 a factor of 52416?
True
Is 866193 a multiple of 23?
False
Is 365552 a multiple of 682?
True
Is 93696 a multiple of 183?
True
Is 894 a factor of 2667150?
False
Is 4312910 a multiple of 14?
True
Is 191130 a multiple of 10?
True
Is 2 a factor of 2944281?
False
Is 261 a factor of 1947921?
False
Is 179 a factor of 516952?
True
Does 26 divide 88193?
False
Does 14 divide 22853?
False
Is 50 a factor of 250150?
True
Is 204976 a multiple of 27?
False
Does 24 divide 275160?
True
Is 179 a factor of 9421128?
True
Does 31 divide 288951?
True
Does 140 divide 2892820?
True
Is 600886 a multiple of 121?
True
Is 1442665 a multiple of 50?
False
Is 421153 a multiple of 73?
False
Is 45365 a multiple of 82?
False
Is 152 a factor of 57835?
False
Is 9620640 a multiple of 459?
True
Is 41920 a multiple of 4?
True
Is 129604 a multiple of 41?
False
Is 3851092 a multiple of 6?
False
Is 34719 a multiple of 2?
False
Is 514152 a multiple of 24?
True
Does 11 divide 4872296?
True
Does 76 divide 1793600?
True
Is 31293 a multiple of 27?
True
Does 37 divide 2195469?
True
Is 10195914 a multiple of 1101?
False
Does 123 divide 1968738?
True
Does 49 divide 159545?
False
Is 19 a factor of 560407?
False
Is 33 a factor of 464282?
False
Is 70091 a multiple of 435?
False
Does 11 divide 76369?
False
Is 8 a factor of 12034183?
False
Does 37 divide 412113?
False
Is 422 a factor of 2192712?
True
Is 121752 a multiple of 267?
True
Does 71 divide 165359?
True
Is 38 a factor of 1947918?
True
Is 28652 a multiple of 26?
True
Is 1720775 a multiple of 7?
True
Is 55 a factor of 3629010?
True
Is 8 a factor of 22787?
False
Is 169683 a multiple of 54?
False
Does 79 divide 178697?
False
Is 1938988 a multiple of 31?
True
Is 51 a factor of 742301?
False
Does 12 divide 54756?
True
Is 111 a factor of 22565?
False
Is 26 a factor of 43965?
False
Is 75458 a multiple of 58?
True
Does 167 divide 2274874?
True
Is 6117034 a multiple of 506?
True
Is 98 a factor of 814286?
False
Does 17 divide 566831?
True
Is 8 a factor of 144672?
True
Is 511 a factor of 257544?
True
Does 2095 divide 10747350?
True
Does 16 divide 50304?
True
Is 2932290 a multiple of 6?
True
Is 3709602 a multiple of 98?
False
Is 4742 a multiple of 33?
False
Is 21627 a multiple of 6?
False
Is 78172 a multiple of 5?
False
Is 411318 a multiple of 16?
False
Is 12 a factor of 6576?
True
Is 226 a factor of 459684?
True
Does 9 divide 3533246?
False
Is 1674616 a multiple of 25?
False
Is 210 a factor of 454230?
True
Does 22 divide 146432?
True
Is 1170638 a multiple of 35?
False
Is 812864 a multiple of 13?
True
Is 54 a factor of 6580764?
True
Is 122 a factor of 2931782?
True
Does 54 divide 2965801?
False
Is 471 a factor of 344301?
True
Does 33 divide 313500?
True
Is 14 a factor of 583184?
True
Does 39 divide 641787?
False
Is 381864 a multiple of 21?
True
Does 163 divide 116678?
False
Is 3321140 a multiple of 1015?
False
Is 185 a factor of 430310?
True
Is 22 a factor of 11682?
True
Does 379 divide 13478820?
False
Does 6 divide 328398?
True
Is 128612 a multiple of 79?
True
Does 8 divide 956399?
False
Is 72200 a multiple of 475?
True
Is 1298 a factor of 23598938?
True
Does 4 divide 185456?
True
Does 283 divide 1038044?
True
Is 215 a factor of 525914?
False
Does 362 divide 6275184?
False
Does 2 divide 1332109?
False
Is 1340417 a multiple of 2?
False
Is 42057 a multiple of 3?
True
Is 2563436 a multiple of 30?
False
Is 17 a factor of 5171574?
False
Is 2508572 a multiple of 112?
False
Is 75 a factor of 7998780?
False
Does 58 divide 140418?
True
Is 19 a factor of 804306?
False
Is 416 a factor of 2716064?
True
Is 1480006 a multiple of 98?
False
Is 63 a factor of 87948?
True
Is 6223222 a multiple of 121?
False
Is 27 a factor of 6469?
False
Does 21 divide 915369?
True
Is 23316487 a multiple of 21?
False
Is 150339 a multiple of 7?
True
Does 5 divide 122319?
False
Is 601 a factor of 3969912?
False
Does 7 divide 71498?
True
Is 1884559 a multiple of 172?
False
Is 241573 a multiple of 37?
True
Is 12 a factor of 429518?
False
Is 112520 a multiple of 194?
True
Does 7 divide 90540?
False
Is 11 a factor of 1469941?
True
Is 730234 a multiple of 7?
False
Is 9 a factor of 10839328?
False
Is 200141 a multiple of 9?
False
Is 177568 a multiple of 248?
True
Is 2517 a multiple of 11?
False
Is 828 a factor of 2234515?
False
Does 2 divide 27651?
False
Is 7 a factor of 323634?
False
Does 65 divide 97897?
False
Is 210 a factor of 497910?
True
Is 6359770 a multiple of 300?
False
Is 2 a factor of 102849?
False
Does 218 divide 33253910?
False
Is 337 a factor of 4345952?
True
Is 87 a factor of 884192?
False
Is 3271098 a multiple of 933?
True
Is 73 a factor of 9846386?
True
Is 2275111 a multiple of 53?
False
Is 1949587 a multiple of 785?
False
Is 53431 a multiple of 119?
True
Does 90 divide 2357840?
False
Is 49 a factor of 26745?
False
Is 18778 a multiple of 11?
False
Is 533 a factor of 555966?
False
Is 302 a factor of 543298?
True
Does 60 divide 4172900?
False
Does 16 divide 631680?
True
Is 17 a factor of 1453532?
False
Is 54421 a multiple of 55?
False
Is 52 a factor of 18838?
False
Is 383 a factor of 1149?
True
Is 591300 a multiple of 90?
True
Does 205 divide 196728?
False
Is 5939232 a multiple of 23?
False
Is 6 a factor of 749265?
False
Is 98756 a multiple of 109?
False
Is 5621764 a multiple of 188?
True
Is 4499568 a multiple of 12?
True
Is 17607226 a multiple of 89?
True
Does 75 divide 114675?
True
Is 17679 a multiple of 26?
False
Is 537306 a multiple of 137?
False
Is 548216 a multiple of 17?
True
Does 23 divide 2705106?
False
Is 4 a factor of 307423?
False
Does 363 divide 199288?
False
Is 296580 a multiple of 10?
True
Is 11 a factor of 170011?
False
Does 3 divide 899074?
False
Does 333 divide 10879108?
False
Does 553 divide 4242792?
False
Is 2340304 a multiple of 107?
True
Does 4 divide 518840?
True
Is 17960646 a multiple of 32?
False
Does 10 divide 1153790?
True
Is 39 a factor of 162214?
False
Is 18 a factor of 82692?
True
Is 64 a factor of 44639?
False
Does 851 divide 5267258?
False
Is 4 a factor of 192826?
False
Does 1812 divide 19540257?
False
Does 47 divide 16732?
True
Is 4649867 a multiple of 54?
False
Is 73244 a multiple of 21?
False
Is 7 a factor of 1010196?
False
Is 8598500 a multiple of 20?
True
Is 1301715 a multiple of 9?
True
Is 257 a factor of 134668?
True
Is 42000 a multiple of 15?
True
Is 23 a factor of 1022203?
False
Is 14 a factor of 84602?
True
Does 6 divide 202757?
False
Is 9 a factor of 55692?
True
Is 311710 a multiple of 2?
True
Is 18 a factor of 35154?
True
Is 49 a factor of 62279?
True
Does 39 divide 8077953?
True
Is 11 a factor of 318329?
True
Does 121 divide 635613?
True
Does 71 divide 6572257?
True
Does 22 divide 20702?
True
Is 45 a factor of 2113380?
True
Is 10 a factor of 1030440?
True
Does 24 divide 15456792?
True
Is 486 a factor of 168236?
False
Is 2508514 a multiple of 5?
False
Is 22326715 a multiple of 199?
False
Is 91542 a multiple of 209?
True
Is 7 a factor of 407869?
True
Is 10 a factor of 103096?
False
Is 734809 a multiple of 38?
False
Is 77770 a multiple of 44?
False
Is 1720 a factor of 13680927?
False
Is 338 a factor of 4602208?
True
Is 627750 a multiple of 50?
True
Is 91140 a multiple of 31?
True
Does 395 divide 1065262?
False
Does 8 divide 1970088?
True
Is 83 a factor of 59179?
True
Is 11 a factor of 157652?
True
Is 37 a factor of 1607779?
False
Is 886 a factor of 118328?
False
Does 17 divide 157932?
False
Is 109 a factor of 140980?
False
Is 1026627 a multiple of 589?
True
Is 208146 a multiple of 3?
True
Does 303 divide 202335?
False
Does 1217 divide 4153633?
False
Is 12 a factor of 8213508?
True
Does 29 divide 1552125?
False
Is 11058264 a multiple of 21?
True
Is 2585676 a multiple of 254?
False
Is 314203 a multiple of 19?
True
Is 268 a factor of 1944765?
False
Does 10 divide 306951?
False
Is 39 a factor of 3725827?
False
Is 2264 a factor of 3944920?
False
Does 441 divide 1559817?
True
Is 92884 a multiple of 168?
False
Is 100 a factor of 37614?
Fa